aluate (-31 - -1) + (142 - 134) - 18.
-40
-20 + 5 - (27 - 25 - (-10 - 1))
-28
What is the value of (-5 - (5 - 24)) + (22 - 24) + -2?
10
What is (-301 - -313 - (-1 + 29)) + (1 - 75)?
-90
-14 - (-9 + -33) - 55
-27
What is the value of 12 + -11 + -2 + -3 - (50 - 4)?
-50
-112 + 184 + -79 - (26 + (-1 - 1))
-31
What is the value of -77 + 100 - (16 + -3)?
10
Calculate 0 + -18 + 2 - (32 - (-12 - (20 - 2))).
-78
What is the value of -43 - (1 + -16 + -25)?
-3
What is the value of -109 + 0 + 2 + 11 + -54 + -46 + 102?
-94
Calculate (2 + (-14 - -11) - (1 + -14)) + -23.
-11
Calculate 36 + (26 - (15 - -65)).
-18
Calculate 294 + -294 - (0 + (-6 - -11)).
-5
What is 58 + 39 + -136 + 40 + 25?
26
Evaluate -18 + 67 - ((-150 - -130) + (5 - 1)).
65
Evaluate 5 - -18 - (11 - (10 - -13)) - -13.
48
Evaluate (15 - 54) + (73 - 17).
17
Evaluate 2 + (45 - (50 + -30 + -5)).
32
What is the value of -20 - (2 + -11 + 8 + 11) - -6?
-24
What is the value of (-9 - -18) + -114 + 142 + (-13 - 0)?
24
11 - (-10 - (-11 + -7) - (-36 - 1))
-34
What is the value of (-5 - ((-33 - (6 + -17)) + 13)) + -20?
-16
What is the value of (0 - 8) + -2 + 7 + -3 + -17 + 19?
-4
(3356 - 3499) + (-2 - -78)
-67
What is -4 + (1 + 29 - ((-23 - 22 - -17) + 26))?
28
-34 + 22 - (-6 + 0)
-6
What is the value of -1 + (-22 + 40 - 13) + (-17 - 2)?
-15
What is the value of 17 - (-6 + (6 + 17 - 43))?
43
Calculate 54 + 1 + (7 - ((-3 - -3) + (-16 - -15))).
63
What is the value of -560 + 588 - (0 - (-130 + 1))?
-101
Calculate (94 + -196 - -21) + (-13 - -14 - (0 - 0)).
-80
Calculate -2 + 19 - (338 - 310) - (45 - 2).
-54
-23 + (4 + -3 - -1) + 13 + -10 + -3
-21
Evaluate (-4 + 10 - 16 - -3) + -2 + -13.
-22
Calculate (-140 - -184) + -93 + -1.
-50
What is 134 + (-12 + 45 + -49 - 27)?
91
What is 53 + -12 + (-19 + 23 - -19)?
64
45 - (36 + -13) - 14
8
What is 18 - 17 - (36 + -73)?
38
What is the value of 0 - 23 - ((-2 - -45) + 17 + -80)?
-3
What is (25 - 14) + -11 - (-13 + (-8 - -6))?
15
What is -7 + -11 + 49 + (-89 - 15)?
-73
What is the value of 15 + (6 - (-71 + -7 + -7 + 0))?
106
What is the value of -1 - ((3 + 5 - 9) + -10)?
10
Calculate 52 + 27 + 63 + -79.
63
(-4 - (-4 - 3)) + (33 - 62) + -3
-29
What is 3 + -1 - (111 - ((-4 - 5) + 16))?
-102
Evaluate -14 - (-6 - -3 - (3 - 26) - 14).
-20
Evaluate 519 + -542 - (-3 + 2 - -13).
-35
What is -44 - (32 + -52 + 8)?
-32
What is the value of -28 - 1 - (-19 - -6) - 3?
-19
Calculate (6 - ((-16 - -15) + 22)) + -16 + 0 + -6.
-37
What is the value of -33 + -4 + (-6 - (-4 + -5) - (20 - 4))?
-50
-13 - (13 + -44) - 9 - 3 - 43
-37
What is (7 - (7 - 28)) + -63 - 16?
-51
-1 + (9 - -3) + (13 - (12 - (7 - -3)))
22
What is the value of -1 - 0 - (13 - -2) - ((-106 - 8) + 116)?
-18
-46 - (21 + -39) - -112
84
What is 5 + (1 - 14) - (6 + -13)?
-1
What is the value of (-43 - 2) + (-1094 - -1079)?
-60
Calculate 3 + -2 + 0 + (-6 - -27 - 16) + -21.
-15
Evaluate (-37 - (-63 - (20 - 30))) + -111.
-95
46 + 28 + (-18 - -24) + 28
108
14 + (34 + -46 - -7)
9
Calculate (-1 - 42) + (25 + -74 - -24) + 26.
-42
Evaluate 1 + 3 + 22 + 0 + 31.
57
Evaluate (-7 - -2 - 35 - 12) + -1 + (0 - 3).
-56
-5 + 19 - (-2 - 40) - (0 + 15)
41
Calculate (104 - -49) + -76 + 19 + (3 - 3) + -3.
93
Calculate -2 + 14 + -78 + 67 + 11 - -2.
14
What is the value of (-4 - 1 - (-26 + 26)) + (84 - 36)?
43
Calculate -13 + 0 + (-22 - -27) + -71 + 1 + -6.
-84
What is 1604 + -1601 - (26 - 0)?
-23
What is the value of 0 + -11 - ((-31 + 30 - -16) + -39)?
13
Evaluate 2116 - 2076 - (-1 + 15).
26
Evaluate (15 + -16 - 4 - -7) + (0 - (-1 + -37)).
40
What is the value of 218 + (-219 - -99) - 77?
21
What is 0 + (-19 - 7) + 11 + -17?
-32
What is the value of 35 + -42 + -14 + 37 + 19?
35
What is the value of 17 + -9 + 7 + -2 + 16 + -8?
21
Calculate 85 - 48 - 51 - 4.
-18
Evaluate (226 - 351) + 54 - (-25 + 2).
-48
Evaluate (6 - ((-17 - -17) + 18)) + (-22 - -33).
-1
What is -7 + (35 - (0 + 1)) - (-14 - -25)?
16
Calculate 16 - (-5 + 28 + -12) - (2 - -26).
-23
Evaluate (-11 + 3 - -35) + 212 + -325.
-86
Evaluate 17 - ((11 - 17) + (-8 - (10 + -9))).
32
What is the value of (323 - 368) + (-1 - -20) + 35?
9
What is the value of -21 - (335 + -320 + -1 + 2 + -13 + 2)?
-26
What is the value of (25 - 0) + -12 + (11 - (40 + 12))?
-28
What is -83 - (-13 - (6 + -45 + -14))?
-123
Evaluate -8 + -47 - -32 - (2 - -23).
-48
What is (6 + 29 + -3 - 18) + (18 - (12 + -5))?
25
19 + (-11 - (-1 + 2) - (-317 + 234))
90
17 - 1 - (-9 + -6 + -7)
38
Evaluate (-129 - -94) + 10 - -38.
13
What is the value of 5 + 5 + 6 + (30 - 9) + -1?
36
Evaluate 0 + 39 + -20 - (-10 + 2).
27
390 + -390 - ((-1 - (33 - -7)) + 0)
41
(88 - (-8 + (0 - 1) + 17)) + (0 - -10)
90
What is the value of 1 + 142 - (34 - -69)?
40
Calculate -53 + (-17 - -51) - (-1 + -70).
52
(-9 - -30) + -9 + (-37 + 9 - -146)
130
What is the value of -3 + (21 - 19) - 20?
-21
Evaluate (12 + -20 + (-3 - -2) - 34) + 8.
-35
What is the value of 3509 - 3505 - (26 - (-1 - -3))?
-20
Evaluate -39 + (0 - 15 - (24 + -23 + -10)) + -3.
-48
Evaluate 6 + -2 - 23 - (1 + (-79 - -2)).
57
Calculate 15 - (7 + -1 + (-5 - (27 - 95))).
-54
(5 - ((10 - -7) + -1)) + 55
44
Calculate -91 + 1 + (-14299 - -14380).
-9
Evaluate (3 - -29) + -37 + (-10 - -29).
14
3 - (-28 + -16 + -19 + 18)
48
(-4451 - -4460) + (-2 + 0 - 7) + 1 + 7
8
-3 + (-44 - (4 + -8)) - -16
-27
What is the value of 4 + (4 - (-6 + 18)) + -44 - (34 + -31)?
-51
What is the value of (-6 + 43 - 68) + -29 - (1 + -13)?
-48
Evaluate 8 - (5 - (-9 + 30) - -27).
-3
Evaluate -26 + (-3 + 11 - (-77 + 81)).
-22
Calculate 1 - 12 - (39 + 66 + -33) - (11 + -1).
-93
What is 21738 + -21709 - (-64 - 1)?
94
What is the value of -727 - -628 - (-55 - 3)?
-41
Evaluate 57 + 147 + -113 + -56 + 8.
43
(-41 - 2) + 167 + -162 - -21
-17
(2 - 5) + (112 - 201) + (-19 - (-8 + 3))
-106
Evaluate (108 - 147) + (-3 - -7) + -3.
-38
What is the value of 71 - (-43 - -8 - (31 - 43))?
94
Calculate (-21 - (-14 - (57 - 54))) + (-11 - (0 - 0)).
-15
Calculate -14 - (13 + 2 + 7 + (10 - 32 - -1)).
-15
-219 - (53 - 250) - (0 + -1 - 2)
-19
Evaluate 6 + -4 + 4 + (-13 - (-3 + 16)).
-20
Evaluate -5021 + 4988 + (-1 - -94).
60
Evaluate (-97 - (-2 - (-1 - 0) - (-8 + 5))) + -10.
-109
1370 + -1470 + (110 - 2)
8
What is the value of -9 + (9 - 4) + 14 + -64 - 14?
-68
What is the value of 6 + (-20 - -28 - (-6 - 3) - 11)?
12
(26 - -2) + -48 + -31 + 27
-24
Calculate 51 - (-1 - (-20 - -11)).
43
Evaluate -167 - -33 - -40 - 18 - (-14 + 1 - -3).
-102
What is 3 + -16 + 1 + -74 + 54 + 29?
-3
What is -32 + 0 - (39 + (46 - 87))?
-30
What is -405 - -415 - ((12 - -4 - 10) + -121)?
125
What is 188 + -181 + 38 + 39?
84
Evaluate -531 + 564 + (-2 + -10 - (-5 + 2)).
24
(12 - (2 + -9 - 1 - -15 - -4)) + -48
-47
Evaluate -26 + 26 + -10 + -12 + 2 - 9.
-29
-88 + -6 - (1290 - 1472)
88
Calculate 1 - (2 + -15) - (-2209 + 2267).
-44
What is -99 - -49 - (-31 + 9 + -2)?
-26
77 + (-57 - (1 + -10))
29
Evaluate 2 - (-12 + -1 - (9 - (-14 + 54))).
-16
Evaluate -7 + 0 + -2 + 0 - (-723 - -723).
-9
What is the value of -24 + 47 + (22 - (8 + -18 - -14))?
41
Calculate (-25 - -38) + -9 - (-7 + 5 - (0 - -65)).
71
-1936 + 1914 + (7 - -1)
-14
Evaluate 50 - (-24 - -34 - -40).
0
(1 - -44) + -4 - (-149 - -164) - (2 + -1)
25
Calculate (-20 - 7) + (-62 - (-117 + 120)).
-92
What is 58 - (133 + -103 - 23)?
51
-20 - (30 - (63 + 8) - 15)
36
Calculate -63 + -120 + (173 - -33).
23
What is 1 + -75 - (18 + (-30 + 19 - -19) + -24)?
-76
What is 76 + (64 - (-93 - -232))?
1
-12 - (-5 + -11 + 32 + -38)
10
What is -41 - ((-56 - -117) + -79 - ((0 - 9) + -2))?
-34
What is the value of (-22 + -1 - (-11 - 36)) + -12 + 5 + -8?
9
What is 19 - -29 - 7 - (-2 + 6 + 6)?
31
What is (2 - 0 - 0) + 15 - (4038 + -4032) - 10?
1
Evaluate 90 - (-6 - (-80 + 10)).
26
Evaluate -86 - 1 - -69 - (6 + 38).
-62
Calculate 1 + 1 + 9 + -2 + -7 + (-57 - -25).
-30
(-58 - 0 - (-18 - -3 - (-22 + 9))) + 0
-56
What is 12 + 1 + -109 + 92 - 26?
-30
-78 + (-21 - -121) + -19
3
Evaluate -1 + (10 - 5) + (-50 - (-15 - -18)).
-49
What is the value of 7 + (-1 + 10 + (20 - 36) - (-3 + 5))?
-2
What is the value of -1 + -102 - (240 - (139 - -145))?
-59
Calculate -17 + 22 - (-14 + 16 + -13 + (6 - 1)).
11
(89 - (4 - (-19 - (16 - 20)))) + 10
80
What is the value of 37 - (26 - (-42 + 70 - 136))?
-97
Calculate -53 + (4 - -6) - (0 + -19).
-24
35 + -79 + 80 - 52
-16
What i